t are the prime factors of j(k)?
3
Let s(f) = -2 + 5*f + 0*f + 3 + 4*f. Suppose -5*w + 11*w = 6. What are the prime factors of s(w)?
2, 5
Let l(q) = -q**2 + 5*q. Let v be l(4). What are the prime factors of -413*(v + (-150)/35)?
2, 59
Suppose -270 = -6*f + 3*f. Suppose -5*s + g + 24 = 0, 2*s - s = -g. Suppose 0 = 4*h + 5*o - 167, 0*o - s*o - f = -2*h. What are the prime factors of h?
43
Let j = 155 + 195. List the prime factors of j.
2, 5, 7
Suppose 0*a + 4 = 2*a. Let f(c) = -4 - 5*c + 2*c + a*c + 11. What are the prime factors of f(5)?
2
Let w be (-140*1)/(-4) - -3. Let d = w - 10. List the prime factors of d.
2, 7
Let u be ((-6)/2 - 45) + -2. Let r be u + -3*(-1)/(-1). Let p = -32 - r. List the prime factors of p.
3, 7
Let d(m) = m - 1. Let i be d(-8). Let v = i + 20. List the prime factors of v.
11
Let j = -78 + 423. What are the prime factors of j?
3, 5, 23
Suppose -7*i = r - 2*i + 15, 3*r + 5*i = 5. What are the prime factors of (-3 - -11*r) + -3?
2, 13
Suppose -6*p = 2*p + 304. Let c = p + 55. List the prime factors of c.
17
Suppose -18*w = -14*w - 240. List the prime factors of w.
2, 3, 5
Let u = -196 - -366. Let y = u - 31. Suppose y = 4*a - 81. List the prime factors of a.
5, 11
Let d be 8 - -1 - (2 - 2). Let k be d/3 + (-20)/(-4). Let y = k + 16. What are the prime factors of y?
2, 3
Suppose -7*w - 225 = -22*w. Suppose w*l = 10*l + 505. List the prime factors of l.
101
Suppose 6*j = 3*j + 18. Suppose j*b + p - 16 = 3*b, -4*b = 2*p - 22. Suppose 0 = b*u - 40 - 80. List the prime factors of u.
2, 3
Let d = -34 - -25. Let b be ((-51)/d)/((-2)/54). List the prime factors of (-1)/(1*3/b).
3, 17
Suppose -l - 4 = -7. Suppose 2*h - 5*g = -2*g + 158, 5*h - l*g = 386. List the prime factors of h.
2, 19
Suppose 5*o - 2*o + 24 = 0. Let l(f) = -f**2 - 9*f - 5. Let x be l(o). Suppose 27 = x*h - 5*s - 67, -h = -2*s - 30. What are the prime factors of h?
2, 19
Suppose -3*d = -u + d + 57, 4*u - 204 = 4*d. Let c = u + -17. List the prime factors of c.
2
Suppose 8940 = 3*m - 3*c, -945 - 4995 = -2*m - 3*c. What are the prime factors of m?
2, 3, 31
Suppose -5*n - 24*x + 28*x + 1210 = 0, n - 5*x = 242. What are the prime factors of n?
2, 11
Suppose -9*j + 15*j = 1368. List the prime factors of j.
2, 3, 19
Suppose -6 = x - 3*x. Let t be 14*((1 - -2) + x). Suppose 7*a - t = 4*a. What are the prime factors of a?
2, 7
Let n(x) be the third derivative of -11*x**4/24 - x**3/6 - 12*x**2. List the prime factors of n(-2).
3, 7
Let b = -88 - -88. Suppose b = -87*o + 83*o + 292. What are the prime factors of o?
73
What are the prime factors of -19*((-1)/(-2) - (-46)/(-4))?
11, 19
Suppose -1225 = -2*b + 15. What are the prime factors of b?
2, 5, 31
Let d = 30 + -25. Suppose d*p = 3*w + 193, p + 5*w = 21 + 40. What are the prime factors of p?
41
Let g(v) = 6*v**2 - 7*v + 11*v - 4*v. List the prime factors of g(-2).
2, 3
Suppose 3*i - 6*i = 12. Let k = i - -4. Suppose h + h - 4 = k. What are the prime factors of h?
2
Let s(w) = 4*w + 6. Let v be s(6). Let a be 3/(-1) + 0 + 5. Suppose a*n = -0*n + v. What are the prime factors of n?
3, 5
List the prime factors of (-4269)/(-2) - (-9 + 152/16).
2, 11, 97
Suppose s = -7 - 2. Let x = 3 + s. List the prime factors of x/(-10) + (-52)/(-5).
11
Suppose -4*p - 1 = 7, 1591 = 3*c - 2*p. List the prime factors of c.
23
Suppose 48*g - 33121 = 116831. What are the prime factors of g?
2, 11, 71
Let m(s) = s**2 - 16*s. Let t be m(16). Suppose w - 5*i - 34 = 0, t = -2*w - 0*i + 2*i + 68. List the prime factors of w.
2, 17
Suppose 187 = 10*b - 3. Let l = b - 1. What are the prime factors of l?
2, 3
Suppose q + 3*q = 592. Let n = -59 + q. What are the prime factors of n?
89
Let y = 72 + 53. List the prime factors of y.
5
Suppose 0 = -4*n - r + 1550, 4*n + 5*r + 1925 = 9*n. List the prime factors of n.
3, 43
Let d(k) be the first derivative of -k**4/4 + 7*k**3/3 + 2*k + 3. List the prime factors of d(6).
2, 19
Let g = -458 + 1230. What are the prime factors of g?
2, 193
Suppose -5*g - 4*f = -13869, 0 = 144*f - 143*f - 1. What are the prime factors of g?
47, 59
Let p(m) be the first derivative of m**4/4 + m**3 - m**2/2 - 3*m - 4. Let i be p(-3). List the prime factors of (30 + (-2 - i))/1.
2, 7
Suppose 6 - 16 = -h. Let m be (-29)/(1/(-1))*1. Let r = m - h. What are the prime factors of r?
19
Let d(x) = -x**3 + 8*x**2 - 2*x - 3. Suppose 5*z = 24 + 1. List the prime factors of d(z).
2, 31
Suppose 4*h = -47*h + 5661. List the prime factors of h.
3, 37
Suppose -5*y - 12 = -7*y. Suppose 0 = 3*x - 135 - y. List the prime factors of x.
47
Let j = 593 - 274. List the prime factors of j.
11, 29
Let a be ((-4)/(-4))/(-2 + 18/8). Let h(u) = 4*u**3 - 3*u**2 + 9*u - 8. What are the prime factors of h(a)?
2, 59
Suppose -3*h - 5*x = 15 - 1, 3*h = -3*x - 6. What are the prime factors of 3 - h*(0 - 31)?
5, 13
Suppose 185 + 45 = 5*p. Let u = -33 + 36. Suppose u*l = 2*l + p. List the prime factors of l.
2, 23
Suppose 4*u - 6 = 2*u. Let v = 86 - 60. Suppose -u*c - v = -4*c. What are the prime factors of c?
2, 13
Let y be (-1)/5 + 63/15. Suppose 0 = -t - y*d + 52, t - 2*t + 52 = d. List the prime factors of t.
2, 13
Let w(k) be the third derivative of k**6/120 + 2*k**5/15 + k**4/4 - k**3 + 3*k**2. Let b be w(-7). What are the prime factors of (2/(-3))/(b/(-54))?
2, 3
Suppose -d = -4*z + 24, 4*z + 6*d - 3*d - 8 = 0. What are the prime factors of (-7240)/(-50) - (-1)/(0 + z)?
5, 29
Let h(y) = 14*y + 0*y + y**2 - 29 - 8*y. List the prime factors of h(-10).
11
Let v(d) = 9*d**2 + 13*d - 9. List the prime factors of v(-9).
3, 67
Suppose -f - 5 = -7. What are the prime factors of 2400/70 + f/(-7)?
2, 17
What are the prime factors of (-1 + -70)/((32/(-68))/8)?
17, 71
Suppose -p + 1653 = 259*c - 264*c, -4*c = -5*p + 8286. List the prime factors of p.
2, 829
Suppose 0 = 4*j - 0*j - 24. Let y be (j/18)/((-1)/6). What are the prime factors of (-29 + 3)*(y + 1)?
2, 13
Suppose -4*n = -3*q + 512, 204 = 3*q - n - 320. Suppose 94 + q = 5*x. List the prime factors of x.
2, 3
List the prime factors of (-16839)/(-15) + (-2)/(-5) - 4.
3, 373
Let c(y) = -y**3 + 8*y**2 + 12*y + 10. Let t be c(9). Suppose -56 = -3*g + t. What are the prime factors of g?
31
Let f(z) = -311*z - 92. List the prime factors of f(-2).
2, 5, 53
Let r(b) = -b**3 - 12*b**2 - 3*b - 14. Let w be r(-12). Let k = 6 + w. What are the prime factors of k?
2, 7
Suppose -497 - 523 = -3*l. What are the prime factors of l?
2, 5, 17
Let h be 5*(299/(-5) - 1). Let n = h + 531. List the prime factors of n.
227
Let z = 9 + -3. Let r be (-50)/(-5) - (-3 + z). Suppose -r*w + 205 = -2*w. List the prime factors of w.
41
Suppose -7*h = -10896 - 2859. What are the prime factors of h?
3, 5, 131
Suppose 86*u - 77*u - 9594 = 0. What are the prime factors of u?
2, 13, 41
Let c = 76 - 83. What are the prime factors of (404/1)/((-7)/(c/2))?
2, 101
Suppose -4*g = 2*d - 1230, 3*d = g + 3*g + 1855. List the prime factors of d.
617
Let b(l) be the first derivative of -8*l + 5 + 3/2*l**2 + 1/3*l**3. What are the prime factors of b(-7)?
2, 5
Suppose w + 5*i - 658 = 0, -3*w - 2*i + 1974 = -0*i. What are the prime factors of w?
2, 7, 47
Let k(n) = 8*n + n + 29 + 2*n - 4*n. List the prime factors of k(7).
2, 3, 13
List the prime factors of 2 - (0 + 7) - -401.
2, 3, 11
Let k(j) = -2*j**2 - 16*j + 5. Let o be k(-8). Suppose 0 = -o*u - 4*w - 14 + 242, -6 = 2*w. List the prime factors of u.
2, 3
Let p be (-4)/(-18) - 48/(-27). Suppose a = 2*g + 37 + 27, -130 = -p*a + 5*g. List the prime factors of a.
2, 3, 5
Suppose 0 = -7*l - 1850 + 8885. What are the prime factors of l?
3, 5, 67
Let c = -2315 + 3289. What are the prime factors of c?
2, 487
Let g(a) = -a**2 + 11*a - 28. Let t be g(7). Let v(p) = p**2 - p + 186. List the prime factors of v(t).
2, 3, 31
Let l = 382 + 385. What are the prime factors of l?
13, 59
Suppose 40 = 5*y + 5*k, 2*y + 3 = 4*k + 1. List the prime factors of ((-2)/y)/((-8)/380).
19
Suppose 16*i - 12*i = 12. What are the prime factors of 19/2 - ((-21)/6 + i)?
2, 5
Let n(w) = 2*w**3 + 1. Let l be n(1). Let h(k) = 38*k**2 - 6*k - 37*k**2 + l*k - 1. List the prime factors of h(7).
3
Let r(u) = -7*u + 20. Let x be r(6). Let l = x - -40. What are the prime factors of l?
2, 3
Suppose 0 = -3*p + 6 + 3. Let h be p + 6*3/6. Suppose 2